.
0
Let q(m) = 0*m + 0*m - m + 13*m**2. Let h(j) = j**2 - 27*j - 365. Let c be h(37). Suppose r = 2, -c = 35*i - 36*i - 2*r. Determine q(i).
12
Let b(i) = i**3 - 22*i**2 + 24*i - 45. Let a be b(21). Let o(p) = a + 43*p**2 - 17 - 3*p - 44*p**2. Let l(m) = m + 2. Let q be l(-5). Determine o(q).
1
Let q = 1331 - 1323. Suppose -3*j + 14 + 1 = 0. Suppose j + 3 = q*h. Let t(u) = 2*u**3 + u. Determine t(h).
3
Let r(b) = -55*b + 198. Let x(m) = 31*m - 101. Let q(v) = -6*r(v) - 11*x(v). Calculate q(-12).
55
Let y(s) be the second derivative of -s**7/2520 + s**6/144 - s**5/40 - 49*s**4/12 + 13*s. Let h(u) be the third derivative of y(u). Give h(3).
3
Let l = -225 - -228. Let r(j) = -4 - 5 - l*j + 10 + 8*j. Calculate r(6).
31
Let t(p) = 2 + 0 + 4*p + 4*p**3 - 3*p + p - 5*p**2. Suppose -2*y + 2 = -2*s - y, 12 = 4*s + 2*y. Let l be t(s). Let m(z) = z**2 - 8*z + 3. Give m(l).
-12
Suppose 113 - 174 = 156*z + 407. Let w(c) = -c**2 - 5*c - 10. Calculate w(z).
-4
Let c(j) = 12*j + 168. Let u(r) = 3*r + 39. Let t(z) = -2*c(z) + 9*u(z). Determine t(2).
21
Let j be (-564)/(-14) - 2/7. Let l = 47 - j. Let q(i) = i**3 - 6*i**2 - 4*i - 8. What is q(l)?
13
Let j(k) = 435*k - k**3 + 1 - 875*k - k**2 + 442*k. Let x(l) = -7*l**2 + l + 3. Let z be x(2). Let b = -25 - z. Determine j(b).
1
Suppose 4*p + 48 = 8*w, 3*p + 5*w + 35 = 65. Let b(f) = -2*f**2 - 22 + f + 3*f**3 + f**2 + 2*f**2 - 4*f**3. Determine b(p).
-22
Let s = 9 - 5. Let o(p) = 2*p**3 + 3*p**2 - 2*p - 6. Let i(v) = -5*v**3 - 10*v**2 + 7*v + 17. Suppose 8*d + 73 = 9. Let r(h) = d*o(h) - 3*i(h). Determine r(s).
9
Let t = 12 + -8. Let l(q) = 5*q - 2*q**2 + 6 + 9*q - q**2 + 3. Let g(f) = -f**2 + 5*f + 3. Let v(x) = 8*g(x) - 3*l(x). Determine v(t).
5
Let p(t) = 44 - 18 - 9*t - 9 + 85*t**3 - 86*t**3 - 9*t**2 - 19. Suppose -26 = 3*y - 8. What is p(y)?
-56
Let a(y) = -11*y**3 + 1. Let o be a(1). Let j = -4 - o. Let r(h) = -248*h**2 - 238*h**2 - 4 + 738*h**2 - 251*h**2 - 6*h. Give r(j).
-4
Let g(b) = -2*b + 2. Let w(i) = -5*i + 5. Let f(m) = 8*g(m) - 3*w(m). Suppose 0 = 45*n - 47*n + 6. Let l(t) = -5*t + 19. Let p be l(n). Give f(p).
-3
Let k be (-84)/70 - (-64)/20. Let m(w) = 6*w + 2. What is m(k)?
14
Suppose 11901 - 11876 = -5*z. Let l(f) = -f**2 - f - 1. Give l(z).
-21
Let x be (-16)/(-28) - 5136/21. Let q = x - -243. Let y(c) = 12*c**3 - 2*c**2 - c. What is y(q)?
-13
Suppose -2*j = -4*x + 867 - 793, j = -4*x + 95. Let a(p) = -5*p + 89. Calculate a(x).
-21
Let g(t) = 3*t**3 + 12*t**2 - 3*t + 5. Let n(v) = -11*v**3 - 36*v**2 + 10*v - 13. Let r(d) = 7*g(d) + 2*n(d). What is r(12)?
-3
Let b(a) = -43*a + a**2 + 38*a + 250 - 195 + 30*a. Calculate b(-22).
-11
Let w be 3 + -2*(-6)/(-12). Let b(l) = -14 + l + 15*l + l**w - 22*l. What is b(8)?
2
Let n = 5 - 0. Let p(a) = -7*a - 14*a**2 + 8*a + a**3 + n + 14*a**2. Calculate p(0).
5
Let o(w) = 5*w - 60*w + 12*w - 16*w + 47. Give o(1).
-12
Let r(m) = m**3 - 5*m**2 - 2*m + 1. Let n = 896 - 894. Let i(j) = j**3 - 2*j**2 - 2*j + 3. Let c(h) = n*r(h) - 3*i(h). What is c(-5)?
8
Let l(d) be the third derivative of -11*d**4/12 - 23*d**3 + 29*d**2 - d. Let f be l(-6). Let i(v) = -v**2 - 9*v - 5. Calculate i(f).
13
Let o be ((-4)/(-4) - -1) + 498/2. Let m(y) = y - 77 + o - 14*y**3 - 88 - y**2 - 87. Give m(1).
-15
Suppose -80 - 100 = -5*r + 20*r. Let n(y) = y**3 + 13*y**2 + 14*y + 19. What is n(r)?
-5
Let z(v) = -v**2 - 7*v + 6. Let w(f) = 4*f + 56. Let l be w(-15). Let n(k) = -k**2 - 7*k + 5. Let d(y) = l*z(y) + 5*n(y). Give d(-8).
-7
Let h(o) be the second derivative of -o**4/8 + o**3 + 59*o**2 + 2*o + 9. Let r(c) be the first derivative of h(c). Determine r(11).
-27
Let v(j) = -4*j + 9. Let s = 233 - 197. Suppose -34*i - s = -40*i. Calculate v(i).
-15
Let r(d) = 13*d + 45. Let z(b) = 25*b + 72. Let q(x) = -10*r(x) + 6*z(x). Determine q(6).
102
Suppose -3*y + 18 = 3*d, 32*y - 27*y + 42 = 4*d. Let j(n) = -7*n + 65. Determine j(d).
9
Let j = -3126 - -3120. Let g(x) = -x**3 - 8*x**2 - 7*x + 12. Give g(j).
-18
Let y(u) = 2*u**2 + 112*u - 612. Let g be y(-61). Let f(o) = 4*o**3 + 8*o**2 + 7*o + 18. What is f(g)?
4
Suppose 4*c = 8*p - 10*p + 8, -2*p = -2*c + 10. Let b(n) be the first derivative of 8 - 8/3*n**c - n**2 + n. Give b(1).
-9
Let a(u) = u**2 + 51*u - 539. Let y be a(9). Let t(c) = 14*c - 35. Calculate t(y).
-21
Let x(d) be the first derivative of 8*d - 7/2*d**2 - 1/3*d**3 + 108. Calculate x(-9).
-10
Let i(k) = -k**3 - 9*k**2 - 6*k - 1. Let m(w) = 2*w**3 - 65*w**2 - 35*w + 57. Let o = 712 + -679. Let h be m(o). Calculate i(h).
53
Let x(n) = -5 + 2*n**3 - 11*n - 10*n**2 + 6*n**2 - 8*n**2 - 3*n**3 + 3. Determine x(-11).
-2
Let p(l) = l**3 - 7*l**2 + 7*l + 15. Suppose -23*b + 8*b - 2339 + 2414 = 0. What is p(b)?
0
Let s(o) be the third derivative of -o**6/120 - o**5/30 + 5*o**4/24 + o**3/6 + o**2 - 1. Determine s(-4).
13
Let y(v) = -v**3 + 62*v**2 - 176*v - 50. Let d be y(59). Let z(f) = f**2 - 4*f - 53. Determine z(d).
-8
Let t(z) = 4*z**2 - z - 16. Let f be t(-2). Let u(n) = -9351*n**f + 26 - 3*n + 9352*n**2 + 14*n. What is u(-8)?
2
Suppose 5*c - 39 = -19. Suppose 4*u = -3*n + 14, -5*u + 9*n = c*n. Let o(l) = -4*l + 3. What is o(u)?
-5
Suppose -216 = 6*o + 3*o. Let u be o/(-28)*14/4. Let g(y) = u*y - 6*y + 2 - 1 + y**2 - 2*y. Calculate g(4).
-3
Let k(r) = -5*r + 54. Suppose -22*h + 3*y + 19 = -21*h, 4*h - 5*y - 83 = 0. What is k(h)?
-56
Suppose -4*a = 37*y - 34*y - 116, -118 = -3*y - 5*a. Let c(q) = q**3 - 35*q**2 - 36*q. Give c(y).
0
Let h(k) = 9*k - 90*k**2 + 1 + 42*k**2 + 49*k**2 + k. Calculate h(-9).
-8
Let x(a) = -15 - 16 - 34 - 29 + 13*a + 28. Determine x(7).
25
Let x(o) = -o**3 + 6*o**2 + 2*o + 6. Suppose -g + 49 = -25. Let y = -54 + g. Suppose 2*m = -8 + y. Give x(m).
18
Suppose -96 = -d - 11*d. Let w(j) be the first derivative of j**3/3 - 4*j**2 + 3*j + 35. Calculate w(d).
3
Let b(j) = -3*j - 8. Let c be b(-4). Suppose -4*q = c*y - 316, 0 = 5*q - y - 325 - 82. Let p = q - 84. Let k(h) = 3*h. What is k(p)?
-9
Let x(k) = -k**3 - 4*k**2 + 5*k - 1. Let h be ((-51)/18 - -2) + (-4)/24. Let v be (-2)/(-2)*(h + -4). Determine x(v).
-1
Let u be ((1 + -1)/(-2) + -2)*(-126)/(-252). Let s(m) = -m**2 - 8*m - 9. Calculate s(u).
-2
Let f(y) = -y**2 + 2*y + 3. Let a(t) = -2*t**2 + 2*t - 6. Let p(u) = -a(u) - 3*f(u). Calculate p(4).
45
Let j(i) = 8*i - 6. Let k(z) = 2*z**3 + 34*z**2 - 41*z - 88. Let h be k(-18). Calculate j(h).
10
Let g(d) = -8*d - 17. Suppose -206 = 20*h - 66. Give g(h).
39
Let v(i) = -i**3 + 4*i**2 + i - 3. Suppose -8*f + 31 = -1. Suppose f = -4*z + 24. Let d be 2/z + 5/((-125)/(-90)). Determine v(d).
1
Let j be (168/(-16))/((-245)/210). Let b(v) = v**3 - 9*v**2 - 4*v + 12. Give b(j).
-24
Let p be 123/6*(-1 + 3 - 0). Let d(z) = 38*z - 10 + p*z + z**2 - 75*z. What is d(-8)?
22
Let b(p) = 11*p - 77 - 16*p + 77. Suppose 0 = -6*f - 2*f - 64. What is b(f)?
40
Let t(x) = x**3 - 7*x**2 + 5*x + 6. Let u = -117 + 221. Suppose 0 = -16*p - 8 + u. Calculate t(p).
0
Let z be (5/(-2))/((-16)/32). Suppose 4*n = z*b + 30, 3*n - 6*n + 5*b + 25 = 0. Let j(s) be the first derivative of s**3/3 - 2*s**2 - 5*s + 2. Calculate j(n).
0
Let z(g) be the second derivative of 3*g**5/20 - g**3/6 + 118*g. Let s be (-2)/(-4)*8 + -3. Determine z(s).
2
Let x(l) = -1. Let z(i) = -69 - 67 + 128 + 2*i. Let u(f) = -3*x(f) + z(f). Determine u(-4).
-13
Let y(q) = -q**2 - 2*q + 58. Suppose t = 4*s + 16, 309*s - 307*s = 4*t - 8. What is y(t)?
58
Let d(y) = -1. Let n(c) = 2*c**2 + 2*c + 2. Let m(o) = -3*d(o) - n(o). Suppose 0 = -45*p + 16*p - 87. Determine m(p).
-11
Suppose 34 = 10*q + 4. Let i(a) = a**2 - 3*a + 5*a + q*a + 2 - 6. Calculate i(-5).
-4
Suppose -2*f = -3*p - 65, -28 = -3*f + 5*p + 69. Let a(q) = q**3 - 34*q**2 - 3*q + 60. Give a(f).
-42
Let y(q) = q**3 - 3*q**2 - q - 2. Let f = 500 + -239. Let c = 263 - f. Give y(c).
-8
Suppose -6*q - 400 = -14*q. Let s = q + -48. Let o(b) = -b - s*b - b**3 - 6*b**2 + 4*b**2 + 5*b**2 + 3. Calculate o(3).
-6
Let a(d) = -9*d**3 - 28*d**2 - 12*d + 88. Let p(q) = -5*q**3 - 14*q**2 - 6*q + 44. Let o(y) = 4*a(y) - 7*p(y). What is o(-13)?
-47
Let g(p) be the second derivative of 7*p**4/12 + 5*p**3/3 - 4*p**2 - 2715*p. Calculate g(1).
9
Let b(l) = -2*l**2 + 23*l + 7. Let n(d) = d**2 - 13*d - 5. Let q(o) = 4*b(o) + 7*n(o). Let z(t) = t**2 - t - 3. Let f be z(3). Determine 